. Let u = 371 - 358. Suppose a + 5*r - u - 15 = 0, -r - 4 = -a. Give w(a).
8
Let y(g) = -135 + 123*g**2 + 134 - 17*g**3 + 126*g**2 - 2*g - 253*g**2. Determine y(-1).
14
Let o(w) be the first derivative of -w**4/4 + 2*w**3 + 2*w + 14642. Let n = 9 + -3. Give o(n).
2
Let q(l) = 203098*l**2 - 1 - l**3 - 203100*l**2 - l + l + 4. What is q(-3)?
12
Let o(q) = -24*q**2 - 8*q + 5. Let w(a) = 48*a**2 + 15*a - 9. Let c(m) = -11*o(m) - 6*w(m). Calculate c(-1).
-23
Let l(p) = -p**3 + 2*p**2 + 5*p + 3. Let r be 0/(4/(1 - 2)) + 56. Suppose 12*k + r = 14*k. Suppose -7 - 17 = -3*n + 3*b, -2*n + k = -5*b. What is l(n)?
-9
Let o(f) = 2*f + 7. Let d(v) = -v. Let w(b) = -b**2 + 4*b - 17. Let a(t) = 6*d(t) - w(t). Let m be a(8). Let n = -5 - m. Give o(n).
-5
Let b be (9/(-36))/(1/(-8)). Suppose b*g - 47 = 3*o, -3*g + 30 = 3*o - 3. Let q = -12 + g. Let s(z) = -5*z + 6. Calculate s(q).
-14
Let a(x) = 57018*x - 16 - 28510*x - 28506*x. What is a(9)?
2
Let x be -1 + 1/1 - 2. Let z(k) = -109*k**2 - 4*k - 5. Let i(w) = -245*w**2 - 8*w - 11. Let s(r) = -4*i(r) + 9*z(r). Determine s(x).
3
Let p(w) = w**2 - 3*w - 10. Suppose 8*c + 1241 = -519. Let k be (-40)/c - (-128)/22. Give p(k).
8
Let l(y) = 3*y - 9. Let p = -5 - -9. Let r be l(p). Suppose 0 = r*f - 6*f - 18. Let t(k) = 2*k + 9. Give t(f).
-3
Let d = 8 - 2. Suppose -s + 13 = d*w - w, -5*w - 5*s + 5 = 0. Suppose -4*x - w = -5*x - 4*f, -2*x = -2*f - 16. Let c(m) = m - 8. Calculate c(x).
-1
Let w(o) = o**3 + 2*o**2 + 5*o + 25. Let q be w(0). Suppose 0 = -3*d, -24*d + 19*d = 5*g - q. Let u(a) be the first derivative of -a**2/2 + 8*a + 5. Give u(g).
3
Let f(n) = -78 - 5*n + 2685*n**2 + 2694*n**2 - n - 5378*n**2. Determine f(-6).
-6
Let a(d) = -2*d**2 + 791 + d**2 - 24*d - 463 - 288. What is a(-22)?
84
Let v(u) = -2*u**3 - u**2 - 2*u + 2. Let m be (30/(-75))/(8/10)*-2. Let z be v(m). Let a(j) = j + 7. Calculate a(z).
4
Let k(j) = 2*j**3 - 3*j + 35. Let y(d) = d**2 - 5*d - 17. Let o be y(7). Let t(g) = -3*g**3 + 4*g - 35. Let i(a) = o*t(a) - 4*k(a). Give i(0).
-35
Let q(d) be the third derivative of -d**4/3 + 5*d**3/2 - 456*d**2 + 1. What is q(6)?
-33
Let t = -2753 + 2761. Suppose -30 = -4*l - 3*u, l - 4*u - 44 = -3*l. Let x(d) = -7 + 11*d - l*d - 2 - 2. Calculate x(t).
5
Let r(z) = z**2 - 7*z + 3. Let i(p) = -2*p - 62. Let d be i(-31). Suppose d = 3*o + 3, -2*x + 12 + 5 = -5*o. What is r(x)?
-3
Let z(h) = h - 2. Let g(t) = -1. Let f(k) = 2*g(k) - z(k). Let p be -2*(-4)/(16/12). Suppose 3*x - 6*x + p = 0. Give f(x).
-2
Suppose 0 = -13*a + 18*a - 8*a - 6. Let g(s) = 2 - 23*s - 23*s + 35*s. Give g(a).
24
Let c(r) be the third derivative of r**5/30 + r**4/8 - r**3/2 - 9*r**2 - 17*r. Suppose 2*u + 4 = 4*p, 2*p + 4 = -5*u - 6. Suppose p = 5*o + 9 - 19. Give c(o).
11
Suppose 0 = 7*v - 159 + 145. Suppose 2*f = -v*g, -g + 0*g - 2 = 3*f. Let k(c) = -8*c**2 - 2*c - 1. Determine k(f).
-7
Let h(u) = -u**3 - u**2 + 4*u - 3. Let d(q) = q**3 + 3*q**2 - q - 6. Let g be d(-2). Determine h(g).
-3
Let n be -4 + (-3)/(-6)*(-12 + -3 + 5). Let o(x) = x**2 + 11*x + 12. What is o(n)?
-6
Let i(g) be the first derivative of -g**4/4 + 5*g**3/3 - 5*g**2/2 + 2*g + 1. Let l = 322 + -309. Suppose 0 = -25*r + 87 + l. What is i(r)?
-2
Let d(o) = 3*o - 4. Suppose z + 0 + 21 = 0. Suppose 19*g + 265 - 151 = 0. Let a be 1 + 12/7 + g/z. Calculate d(a).
5
Let y(n) be the second derivative of n**4/12 - n**3/3 + 3*n**2/2 - 548*n + 3. Give y(0).
3
Let b(j) = -j**3 + 9*j**2 - 11*j - 21. Let v be b(6). Suppose -7*d + 3*d = 60. Let q = d + v. Let a(m) = -m**3 + 6*m**2 + m. Calculate a(q).
6
Let o be -4 - (24/96 + 841/(-4)). Suppose 10*r = -246 + o. Let j(h) = -4*h - 11. Give j(r).
5
Let k(h) = -h**2 - 8*h + 6. Let l(u) = -8*u**2 - 3*u + 2. Let f be l(1). Let w be (f/(-18))/(1/18). Suppose -3*j - 18 - w = 0. Calculate k(j).
-3
Suppose 0 = 179*u - 177*u + 2*g + 2, 0 = 2*u - 2*g - 14. Let n(z) = -17*z + 7. Give n(u).
-44
Let u(j) = 14*j + 3 - 3 - j**2 - 4*j**2 + 1. Let r(m) = m**2 - 4*m. Let o(f) = -9*r(f) - 2*u(f). What is o(-8)?
-2
Let x(y) = 29*y - 27. Let w(m) = 87*m - 79. Let s(p) = -4*w(p) + 11*x(p). Let r(n) = -2*n + 3. Let c(z) = -6*r(z) + s(z). Calculate c(1).
-16
Let x(a) = a**2 + 13. Let o(s) = 2*s**2 - 12*s + 10. Suppose -5*j = -23 - 17. Suppose 2*m - 2*b = j, -2*b = 3*m + b - 18. Let p be o(m). Give x(p).
13
Suppose 0 = -9*l + 14*l - 180. Let r(x) = 4*x - 3*x + 30 - l. Suppose 3*m - m + 12 = 3*s, -3*m = s - 15. What is r(s)?
0
Let l(o) be the second derivative of -o**3/6 + 10*o**2 - 2*o. Suppose -s = 5*u - 83, 56 = 2*u + 5*s + 9. What is l(u)?
4
Let p(t) = 2 + 12*t**3 - 5*t**3 + 3 - 10 + 6. Determine p(-1).
-6
Let v(t) = t**3 - 14*t**2 + t - 2. Let z be v(14). Suppose -3*l = z + 42. Let x be 20/(-90) + 104/l. Let d(i) = -3*i + 4. Calculate d(x).
22
Let f be ((-216)/(-126))/(-1*(-2)/14). Suppose 0 = g - f + 5. Let w(l) = l**3 - 5*l - g + 2*l**2 - 9*l**2 + 0*l**2 + 2*l**2. Determine w(6).
-1
Let c(s) be the first derivative of s**5/4 + s**4/6 - s**2/2 - 18*s + 61. Let j(f) be the first derivative of c(f). Determine j(-1).
-4
Suppose 5*f - 66 = -3*m, -5*m - 24 = -6*m - f. Let b(g) = 4*g + m - 53 + 29 - g**2 + 4*g**2. What is b(-2)?
7
Let g(s) be the first derivative of s**3/3 + s**2/2 - 2*s - 69. Suppose 0 - 6 = -3*x. Suppose x*v + 10 = p + 3*p, 7 = 2*p - 3*v. Give g(p).
4
Let l(r) = -3*r**2 - r + 1. Suppose -842 = -27*u - 9914. Let v be (u/280)/((-2)/(-5)). Determine l(v).
-23
Let s(a) = -14*a + 89. Let i(h) = -4*h**3 + 15*h**2 - 8*h + 3. Let o be i(3). Determine s(o).
5
Let i(z) = -z + 6. Let a(r) = r**3 + 3*r**2 - r + 2. Let v be a(0). Let p(c) = 2*c**3 - 3*c**2 + 4. Let j be p(v). Give i(j).
-2
Let a(f) be the third derivative of -219*f**2 - 1/60*f**5 + 5/3*f**3 + 0 + 0*f + 1/24*f**4. Suppose -25 = -2*b + 5*u, -3*u - 5 - 10 = b. Determine a(b).
10
Let q(y) = -34*y - 81. Let p be q(-7). Let s(m) = -78*m + m**2 - 9 + p*m - 75*m. Suppose -2*v + 5 - 19 = 0. What is s(v)?
12
Let g(h) = -11*h**2 + 374*h + 5. Suppose -18*v - 5*o = -20*v + 93, 5*o = -5*v + 145. What is g(v)?
5
Let c(k) = 32*k**2 + 19 + 31*k**2 - 21*k - 78*k**2 + 16*k**2. Calculate c(19).
-19
Let u(n) be the second derivative of -3*n**2/2 + 71*n. Let a = 8 - 9. Let y(h) = h - 1. Let i(w) = a*u(w) + 3*y(w). Determine i(1).
3
Let x(l) be the second derivative of l**5/20 + l**4/4 - 5*l**3/6 - 5*l**2/2 + l. Suppose 6616*i + 1224 = 6310*i. What is x(i)?
-1
Suppose 5*m - 4*w - 16 - 2 = 0, 8 = 2*m - 2*w. Let d(k) = 13*k - 5. Give d(m).
21
Let l(c) = -6*c - 41. Let s be ((-15)/((-150)/140))/(-2). Give l(s).
1
Let r(y) = -2 - 7*y + 101*y**3 + 2 - 94*y**3 - 7 - 8*y**2. Let c(o) = 15*o**3 - 17*o**2 - 15*o - 16. Let h(w) = 6*c(w) - 13*r(w). Determine h(4).
-33
Let v(m) = 3*m**2 - 2*m**2 - 101*m + 90 + 0*m**2 - 77 + 114*m. Suppose -3*o + 22 = 2*y, -1 = y + 2*o - 14. Suppose y*l - 3*l + 18 = 0. Determine v(l).
-23
Suppose -35 = -w - 30. Let o(t) = t + 4*t**2 + 1 + 2*t - 13*t**3 + 24*t**3 - 12*t**3. What is o(w)?
-9
Let y = -104 + 119. Let g(z) = 5*z - y + 38*z - 47*z. What is g(-6)?
9
Suppose -54*x - 560 = -194*x. Let s(v) be the third derivative of v**6/120 - v**5/20 - v**4/8 - v**3/3 + 2*v**2. Calculate s(x).
2
Let w(a) = -a**3 - 6*a**2 + 4. Suppose 0 = p + 4*r + 711, 4*p + 3570 = -p - 5*r. Let f = -720 - p. Give w(f).
-21
Let t(r) = 7*r**3 + 5*r**2 - 123*r + 117. Let i be t(1). Let o(k) be the first derivative of -k**3/3 + 3*k**2 - 4*k + 1. Determine o(i).
-4
Let i(z) = -3*z + 86. Let w(q) = 70*q**2 + 203*q + 10. Let c be w(-3). Give i(c).
-7
Suppose -8*o - 138 - 60 = 10*o. Let s(l) = l**3 + 11*l**2 + 3*l + 1. Calculate s(o).
-32
Let o(x) = -x + 10. Let v(f) = -6*f + 69. Let h(i) = 14*o(i) - 2*v(i). Let a be 1 - (-1)/(2/(-16)). What is h(a)?
16
Let t be 3/3 + 8 - (1 + 3). Let z(h) = -h**2 + 6*h**2 - h**2 + 7*h + 2*h**2 + h**3 + t. Let b be -2*(-2)/(-4)*4. Calculate z(b).
9
Let h(f) be the third derivative of 0 + 0*f - 1/6*f**4 - 1/6*f**3 + 251*f**2 - 1/60*f**5. Give h(3).
-22
Let x(i) = 16*i - 82. Let j(o) = 18*o - 109. Let a(r) = -5*j(r) + 6*x(r). Determine a(4).
77
Let y = -223 - -223. Let w be (1 + y)*-1 + (-212)/212. Let n(q) = 5*q - 2. Give n(w).
-12
Let t(n) = 76*n**3 - 75*n**3 - 11*n**2 - 5*n**2 + 45 - n + 14*n**2. Determine t(0).
45
Let x(t) = 2*t + 35 - 22 - 21. Let v = 2691 - 2685. What is x(v)?
4